of 1628184?
True
Does 421 divide 804110?
True
Is 13 a factor of 52572?
True
Is 10 a factor of 1828016?
False
Does 398 divide 557996?
True
Is 807 a factor of 1395788?
False
Is 1587970 a multiple of 52?
False
Does 12 divide 71964?
True
Is 27 a factor of 265965?
False
Is 907049 a multiple of 143?
True
Does 41 divide 1770435?
False
Is 11 a factor of 20081?
False
Does 140 divide 171086?
False
Is 145 a factor of 181830?
True
Is 20 a factor of 1188540?
True
Is 40 a factor of 244255?
False
Is 37 a factor of 991905?
False
Is 208637 a multiple of 99?
False
Is 14 a factor of 546738?
False
Is 93447 a multiple of 111?
False
Is 123 a factor of 7597833?
True
Is 231767 a multiple of 10?
False
Is 1011 a factor of 5415927?
True
Does 468 divide 23934?
False
Does 25 divide 2996100?
True
Is 16 a factor of 34412293?
False
Is 811008 a multiple of 288?
True
Is 28 a factor of 229981?
False
Is 54 a factor of 361962?
True
Does 475 divide 21020175?
True
Is 263980 a multiple of 197?
True
Does 95 divide 49495?
True
Does 52 divide 87848?
False
Is 492 a factor of 82164?
True
Is 938016 a multiple of 14?
False
Is 2524670 a multiple of 170?
True
Is 255694 even?
True
Is 22 a factor of 881305?
False
Does 147 divide 20580?
True
Does 275 divide 3361325?
True
Is 26 a factor of 1258814?
False
Is 167 a factor of 230010?
False
Is 197825 a multiple of 13?
False
Is 158303 a multiple of 2?
False
Is 29 a factor of 453533?
False
Is 916 a factor of 6591768?
False
Does 23 divide 16512?
False
Is 358548 a multiple of 71?
False
Does 3 divide 12905?
False
Does 36 divide 69084?
True
Is 107 a factor of 5316937?
True
Is 23 a factor of 21409286?
False
Does 5 divide 716954?
False
Does 32 divide 96608?
True
Is 2 a factor of 111986?
True
Is 4 a factor of 43292?
True
Does 427 divide 787661?
False
Is 22 a factor of 133454?
False
Is 2360680 a multiple of 35?
True
Does 489 divide 294612?
False
Does 11 divide 135120?
False
Is 97272 a multiple of 56?
True
Is 3208282 a multiple of 18?
False
Does 20 divide 8295977?
False
Is 1920929 a multiple of 269?
True
Is 39216 a multiple of 86?
True
Does 18 divide 18223840?
False
Is 62 a factor of 31233?
False
Does 10 divide 788781?
False
Does 25 divide 251921?
False
Is 26221 a multiple of 13?
True
Does 36 divide 1396440?
True
Is 244584 a multiple of 18?
True
Does 36 divide 649008?
True
Is 857813 a multiple of 91?
False
Does 1047 divide 2698804?
False
Is 4 a factor of 33427?
False
Is 13 a factor of 315753?
False
Does 22 divide 4657835?
False
Does 8 divide 1342524?
False
Is 134838 a multiple of 66?
True
Is 55 a factor of 35202?
False
Is 99 a factor of 16870348?
False
Is 926112 a multiple of 18?
False
Is 92 a factor of 230347?
False
Is 2417704 a multiple of 168?
False
Is 13 a factor of 32487?
True
Is 107940 a multiple of 140?
True
Is 14 a factor of 221228?
True
Does 15 divide 138835?
False
Is 4 a factor of 182130?
False
Is 3137391 a multiple of 141?
True
Does 13 divide 459114?
False
Is 43 a factor of 108532?
True
Is 4212277 a multiple of 346?
False
Is 177 a factor of 36462?
True
Is 59033 a multiple of 8?
False
Does 13 divide 19477?
False
Is 233 a factor of 4626604?
False
Is 52 a factor of 8424936?
True
Is 3741407 a multiple of 358?
False
Is 4933661 a multiple of 299?
False
Does 6 divide 331211?
False
Is 141702 a multiple of 113?
True
Is 2151128 a multiple of 14?
True
Is 1717359 a multiple of 350?
False
Is 218 a factor of 14976136?
False
Does 19 divide 277882?
False
Does 487 divide 1651904?
True
Is 9 a factor of 26595?
True
Is 147940 a multiple of 65?
True
Is 16612 a multiple of 3?
False
Does 9 divide 18508?
False
Is 22 a factor of 1197694?
False
Is 378582 a multiple of 43?
False
Is 538 a factor of 786947?
False
Is 150 a factor of 1302013?
False
Is 7 a factor of 656789?
True
Is 18 a factor of 4174?
False
Is 213133 a multiple of 330?
False
Is 76 a factor of 371542?
False
Is 14 a factor of 4480?
True
Is 2941780 a multiple of 10?
True
Is 1190394 a multiple of 458?
False
Does 426 divide 287976?
True
Is 9 a factor of 62208?
True
Is 573412 a multiple of 28?
True
Is 280 a multiple of 7?
True
Is 942469 a multiple of 14?
False
Does 253 divide 444521?
True
Does 8 divide 5844424?
True
Is 156 a factor of 3363823?
False
Does 17 divide 146795?
True
Does 10 divide 24830?
True
Is 6014151 a multiple of 9?
True
Does 90 divide 11024112?
False
Does 434 divide 5609450?
True
Is 7 a factor of 191565?
False
Is 5866056 a multiple of 103?
True
Does 12 divide 86484?
True
Is 19 a factor of 17342?
False
Does 49 divide 631267?
True
Is 330 a factor of 73590?
True
Is 568 a factor of 6141784?
True
Is 47 a factor of 445090?
True
Is 158 a factor of 112902?
False
Is 264698 a multiple of 73?
True
Is 207 a factor of 587052?
True
Is 221 a factor of 915603?
True
Does 28 divide 1087550?
False
Is 70917 a multiple of 21?
True
Is 702 a factor of 618462?
True
Does 26 divide 36297?
False
Is 63 a factor of 568953?
True
Is 35 a factor of 483621?
False
Is 15 a factor of 2613780?
True
Does 60 divide 3010503?
False
Does 17 divide 6529751?
True
Does 190 divide 529341?
False
Does 87 divide 139983?
True
Does 714 divide 137187?
False
Is 91995 a multiple of 37?
False
Is 51 a factor of 1476797?
False
Is 2742336 a multiple of 81?
True
Is 108 a factor of 688540?
False
Is 101046 a multiple of 30?
False
Does 12 divide 41567?
False
Is 292 a factor of 79424?
True
Does 98 divide 1300852?
True
Is 310407 a multiple of 3?
True
Is 10 a factor of 7777290?
True
Is 121 a factor of 4305378?
False
Is 17 a factor of 2322472?
True
Is 35 a factor of 4725?
True
Is 43 a factor of 15265?
True
Is 12 a factor of 53252?
False
Is 57 a factor of 783652?
False
Is 40250 a multiple of 35?
True
Is 119 a factor of 203026?
False
Is 226250 a multiple of 10?
True
Is 729 a factor of 27227259?
False
Is 42 a factor of 3055548?
False
Is 14 a factor of 33908?
True
Does 288 divide 389376?
True
Is 3608881 a multiple of 197?
False
Is 6536753 a multiple of 41?
True
Is 94887 a multiple of 39?
True
Is 235040 a multiple of 69?
False
Is 193564 a multiple of 434?
True
Is 59 a factor of 1313930?
True
Is 118 a factor of 4753040?
True
Does 277 divide 4341531?
False
Is 18 a factor of 237510?
True
Does 794 divide 1352052?
False
Is 16616409 a multiple of 11?
False
Is 291 a factor of 216213?
True
Is 8 a factor of 30856?
True
Does 124 divide 3971140?
False
Is 1452972 a multiple of 45?
False
Is 552332 a multiple of 44?
True
Does 6 divide 197112?
True
Is 1019473 a multiple of 50?
False
Is 3263762 a multiple of 17?
True
Is 5230106 a multiple of 1169?
True
Is 210 a factor of 7777140?
True
Is 293 a factor of 597720?
True
Is 851247 a multiple of 186?
False
Does 52 divide 242308?
False
Is 407 a factor of 157415?
False
Is 8 a factor of 498248?
True
Does 106 divide 628797?
False
Is 1409700 a multiple of 5?
True
Is 14 a factor of 175130?
False
Does 7 divide 1085532?
True
Is 9575434 a multiple of 22?
True
Is 81360 a multiple of 5?
True
Is 3658576 a multiple of 911?
True
Does 142 divide 403564?
True
Is 295 a factor of 98235?
True
Does 21 divide 5575?
False
Does 11 divide 116446?
True
Does 57 divide 31114?
False
Is 3 a factor of 837098?
False
Is 703 a factor of 801933?
False
Does 19 divide 1595429?
False
Is 434826 a multiple of 147?
True
Is 482760 a multiple of 270?
True
Is 9 a factor of 1183707?
True
Is 6443754 a multiple of 642?
True
Is 128720 a multiple of 159?
False
Is 16 a factor of 6701175?
False
Does 61 divide 60479?
False
Is 6238734 a multiple of 29?
False
Does 5 divide 396565?
True
Does 98 divide 1012438?
True
Does 49 divide 12290?
False
Is 113816 a multiple of 328?
True
Is 657260 a multiple of 132?
False
Does 15 divide 5292600?
True
Is 6 a factor of 5240940?
True
Does 32 divide 48580?
False
Is 219734 a multiple of 181?
True
Is 1890700 a multiple of 37?
True
Is 6 a factor of 3960455?
False
Is 1817490 a multiple of 71?
False
Is 52012 a multiple of 6?
False
Is 20 a factor of 5532871?
False
Is 35 a factor of 58203?
False
Does 145 divide 92968?
False
Does 89 divide 21805?
True
Does 41 divide 138990?
True
Is 14452550 a multiple of 245?
True
Does 7 divide 111776?
True
Is 480 a factor of 994080?
True
Does 354 divide 3936765?
False
Is 119748 a multiple of 68?
True
Does 38 divide 20631575?
False
Is 6 a factor of 13998?
True
Does 781 divide 2103883?
False
Is 2083527 a multiple of 651?
False
Does 3